Let d(h) = 57*h**2 - 2*h - 1. Is d(l) a prime number?
False
Let o be -194 + -4*2/(-4). Let g = o - -369. Is g a composite number?
True
Let p be 17/(-4) + (-10)/(-8) + -1. Is (1*-1)/(16158/(-4038) - p) composite?
False
Let u(f) = -f**2 + 2. Let h be 2/7 - 8/28. Let o be u(h). Suppose 0 = -2*n, y + 0*n + o*n = 251. Is y prime?
True
Let x = 24 + -27. Is (x - -2)*2097/(-9) a prime number?
True
Let q(u) = u**3 + 4*u**2 - 7*u - 7. Suppose -10 = -2*j + 4*j. Let s be q(j). Suppose 5*p - 2*x = 2*p + 211, -176 = -s*p - 5*x. Is p prime?
True
Suppose -8*f + 1399 + 2729 = 0. Suppose -2*y - y = -2*q - 572, -3*q + 3*y - 855 = 0. Let r = q + f. Is r a prime number?
True
Let h(a) = 3*a**3 - a**2 + 8*a - 11. Let c be (5/2)/((-2)/(-4)). Is h(c) a prime number?
True
Suppose s + 2*s = 3*z - 5592, 7462 = 4*z + 2*s. Is z a composite number?
True
Let d = 25 + -17. Let h = d - -17. Suppose -4*f = -0*n + n - 39, 0 = 5*f - h. Is n prime?
True
Let s be 28/49 - (-34)/14. Suppose 2*w + x - 526 = 0, -s*w - 5*x + 789 = -0*w. Is w a composite number?
False
Let n = 120 + -15. Let z(p) = -p + 46. Let v be z(0). Let k = n - v. Is k a composite number?
False
Is (-9)/6*139554/(-27) prime?
True
Let z(w) = 834*w**2 - 5*w + 543. Is z(20) a prime number?
True
Suppose -34 = -0*g - 2*g. Suppose g*r = 15*r. Suppose -2*i - 3*i + 2815 = r. Is i composite?
False
Let g(x) = 25*x**2 - 25*x - 19. Is g(-8) prime?
False
Let z be ((2*-6)/(-2))/((-10)/5). Is (1262/z)/((-6)/9) composite?
False
Let f = 2734 - 1487. Is f prime?
False
Suppose -47*g + 384904 + 186099 = 0. Is g a prime number?
True
Let l(y) = 441*y**2 + 13*y + 299. Is l(-12) prime?
True
Suppose 3*c - 25 = -2*c, 3*p - 5*c = -10. Suppose 3*l + a = 362, -3*l + 368 = -0*l - p*a. Is l prime?
False
Suppose 3*v - 3*q - 4269 = 2*q, 0 = v - q - 1423. Is v composite?
False
Let d = -190 + 127. Let l be ((-27)/d)/((-1)/(-7)). Suppose 2*t - 815 = -l*t. Is t composite?
False
Suppose 0 = 24*m + 128090 - 689714. Is m prime?
False
Suppose 109043 = 5*c - 3*r + 5125, 5*c + 3*r = 103912. Is c composite?
True
Let u(t) = 274*t + 2. Let j be u(3). Let y = j + -415. Is y composite?
False
Let z = 18997 + -12528. Is z composite?
False
Suppose 12*j - 11*j = 4. Suppose 0 = -j*l + 30 + 182. Is l a composite number?
False
Let t(a) = 33*a**3 - 2*a**2 + 2*a - 1. Let o be t(2). Suppose 5*k + o = -2746. Let c = 1572 + k. Is c a composite number?
False
Let j(c) = -c**3 - 13*c**2 - 12*c. Let t be (-6)/9 - 34/3. Let s be j(t). Suppose -326 = -s*a - a. Is a a composite number?
True
Let x = -15 - -67. Suppose 2*o + 10 = x. Is 3 + 8/(-4) + o a prime number?
False
Let p be 2/9 + (-175)/(-63). Let d be p + (23 - (2 - 1)). Suppose -2*q + 46 + 5 = o, 0 = -5*o + d. Is q composite?
False
Let b be -212*(-4 - (-98)/8 - 4). Let y = 88 - b. Is y composite?
True
Suppose -5*j + 1 + 29 = 0. Suppose 2001 - 147 = j*d. Let l = 466 - d. Is l prime?
True
Let h(p) = -p**3 - 15*p**2 + 34*p. Let i be h(-17). Let g(n) = -n + 1614. Let f be g(0). Suppose i = -5*a + 8*a - f. Is a prime?
False
Suppose 3*h = -4*h + 20482. Let v = -1707 + h. Is v prime?
False
Suppose f = -4*f + 1995. Suppose -12*r - 1483 + 211 = 0. Let h = f + r. Is h composite?
False
Let t(u) = 93*u**2 + 7*u + 25. Let y = 6 + -9. Is t(y) prime?
False
Suppose 5*r - 16 = -4*f, 2*r - 15 = 3*f - 4. Is (1 - 2)/(f/11) a composite number?
False
Suppose -x = -15 + 1. Suppose -x*m + 1265 = 187. Is m composite?
True
Let g(c) = 314*c**3 + 4*c**2 + 8*c + 17. Is g(6) composite?
True
Let v(s) = -2*s - 20. Let z be v(-11). Is (z/(-6))/(8/(-9480)) a composite number?
True
Let t(y) = y**3 + 4*y**2 + 3*y - 11. Let f(b) = 4*b**3 + 16*b**2 + 11*b - 44. Let o(q) = -2*f(q) + 9*t(q). Is o(6) a prime number?
True
Suppose 0 = -2*u - 3*p - p + 7386, -3*p + 18451 = 5*u. Suppose 0*o = 7*o - u. Is o a prime number?
False
Let b be (-56)/(-6) + 2/(-6). Let h(g) = -g**3 + 8*g**2 + 11*g - 15. Let s be h(b). Suppose s*q = 5*q - 254. Is q composite?
False
Let a = -65 + 69. Suppose -4*o + 2*g + 4226 = 0, -a*o + o = -4*g - 3167. Is o a prime number?
False
Let s(r) = 354*r**3 - 28*r**2 + 186*r - 11. Is s(6) composite?
False
Let u be -6*2*(-3)/18. Let p(w) = w**3 - w**2 - 2*w + 3. Let d be p(u). Is 2/(-1) + 579/d a composite number?
False
Is (0 + -9523)*64/(-64) a composite number?
True
Let s(c) = -3*c**2 + 7*c - 38. Let r(l) = -l**2 + 2*l - 13. Let b(t) = 11*r(t) - 4*s(t). Let v be b(6). Is (-3)/(-2)*894/v a composite number?
False
Suppose -8 - 12 = -10*t. Suppose t*y = -3*y + 1595. Is y a composite number?
True
Let u(i) = 19*i**2 - 3*i - 12. Let g be u(-6). Suppose -5*d - g = v - 3450, 2*v - 2765 = -5*d. Is d a composite number?
True
Suppose 3*k - 30 = 8*k. Is (2 + 0/(-4))/(k/(-2451)) prime?
False
Let o = 9 + -3. Let p(m) = 0 + 8*m**3 + 4*m**2 + 2 - 1 - 4*m - 7*m**3. Is p(o) a composite number?
False
Let a(n) be the second derivative of -2/3*n**3 + 12*n + 7*n**2 + 0 - 1/20*n**5 - 11/12*n**4. Is a(-11) a composite number?
True
Let g = -8 + 1. Let d(p) = -7*p**2 + 3*p - 4. Let i(t) = 5*t**2 - 2*t + 6. Let y(m) = -4*d(m) - 3*i(m). Is y(g) a composite number?
False
Is (-31)/(2/346*(6 + -7)) composite?
True
Suppose -c = -3*u + 12, -5*c + u = -2*u. Suppose -5*n - 35 = -r, r - c*n - 105 = -2*r. Suppose f - r = 14. Is f composite?
True
Let u(f) = -6*f - 91. Let b be u(-16). Suppose 0 = w - 5*m - 793, 2*w = 2*m - b*m + 1586. Is w prime?
False
Suppose 5*n - 3*w = 23176, n = -2*n + 2*w + 13905. Is n a prime number?
True
Let p(g) = 5*g + 35. Let h(a) = 2*a**2 - 8*a + 6. Let u be h(5). Is p(u) composite?
True
Let d = 9134 - 4413. Is d a prime number?
True
Let x(s) = 340*s**2 + 39*s + 19. Is x(-8) prime?
True
Let u(w) = -7*w + 11 - 6 - 6 + 11*w**2. Is u(7) prime?
False
Let j(q) = -q. Let o(x) be the second derivative of -x**3/3 - x**2 + 3*x. Let r(a) = -3*j(a) + o(a). Is r(4) a composite number?
False
Suppose -m - 4 - 2 = 3*j, -m + 26 = -5*j. Is ((-1497)/m)/((-1)/2) composite?
False
Let d = 689 + -383. Suppose 3*z = -b - 205, 9*z + 197 = -b + 4*z. Let k = b + d. Is k composite?
False
Let g be (-1020)/42 + (-4)/(-14). Let m be 2 - g - 1/1. Is (-5)/2*(-1 - m) a composite number?
True
Let f = -152 - -157. Suppose 0 = 5*a - f*g - 1245, -538 = -5*a + 3*g + 707. Is a a composite number?
True
Let g(o) = 179*o + 30. Let c(l) = l + 1. Let d(n) = -3*c(n) - g(n). Is d(-13) a prime number?
True
Suppose 0 = -625*x + 628*x - 3579. Is x a prime number?
True
Let l(h) = -7*h**3 - 56*h**2 - 12*h - 20. Is l(-15) a prime number?
False
Suppose -10*c = 7*c - 109633. Is c composite?
False
Let r = -14053 - -21637. Let o = r - 3893. Is o a prime number?
True
Suppose n = 5*l - 155609, -7*l + 4*l = 5*n - 93343. Is l composite?
False
Let o(z) = -z**3 + z**2 + 9*z + 6. Let h(w) = 5*w + 3. Let q(y) = -5*h(y) + 3*o(y). Is q(-2) prime?
False
Let o(q) be the second derivative of q**3/6 - 5*q**2/2 + q. Let v be o(3). Let y(p) = -17*p + 3. Is y(v) a prime number?
True
Suppose -5*k + 0*k + 25 = 0. Let q be 3 - k - (0 + -106). Let b = q + 45. Is b composite?
False
Suppose 4*l + 5*q - 8 = 313, -4*q - 54 = -l. Suppose 2*j + 5*u = -11, 2*u + 8 = -2*j + 3*j. Suppose i = j*i - l. Is i prime?
False
Suppose c = 7*c + 2*c. Suppose c = -3*g - 4*q + 4838 + 153, 0 = 2*g - 3*q - 3299. Is g a composite number?
False
Let h = -41388 - -22011. Is (h/(-18))/((1/(-2))/(-1)) prime?
True
Let o be (-2 + 8)/12*31618. Suppose 4*g - 21507 = -3*f - 433, 3*g - o = -4*f. Is g composite?
True
Let q be 6/8 - 165/(-20). Let m be (q/6)/(3/6). Suppose m*h = 5*h - 20. Is h a composite number?
True
Suppose 6*y - 3*y - 90 = 0. Let q be y/9 + 4/6. Suppose -140 = -0*g - q*g. Is g composite?
True
Let r be 2/(-18) - (-141200)/72. Suppose r = -10*p + 20311. Is p a prime number?
False
Let k = 16743 + -11450. Is k a composite number?
True
Let m = -32 - -35. Suppose -d + 594 = d + 4*x, -d + 301 = m*x. Is d prime?
False
Let s(z) = 529*z**2 + z + 5. Is s(-4) prime?
False
Suppose -4*t = -4*d - 0*d - 8692, 5*t - 10881 = d. Is t prime?
False
Let j be 15/75 + (-578)/(-10). Suppose -59*x + 2321 = -j*x. Is x a composite number?
True
Is (47278/(-21))/(4/(-6)) composite?
True
Let f(p) be the third derivative of -7*p**6/60 - p**4/24 - p**3/3 - 4*p**2. Let b be f(-3). Suppose 184 = k - 2*g - g, -5*g = 2*k - b. Is k composite?
True
Let z(o) = o**3 + o + 17. Let v be z(0)